/(-4 + p) + 13?
2, 3
List the prime factors of 62*((-15)/(-6))/5.
31
Let t(q) = q**2 + 7*q + 5. Let n be t(-6). Let m be ((-30)/(-35))/(n/7). Let j(y) = y**2 + 5*y + 8. What are the prime factors of j(m)?
2, 7
Suppose 4*t = -i - 0*i + 156, 0 = 3*i - 12. Let c be (2 - (2 - 2)) + t. Suppose 3*p - c = -p. List the prime factors of p.
2, 5
Let v = 7 + 87. List the prime factors of v.
2, 47
Suppose 2*t - 17 = z, 0 = -4*t - z - 3*z + 4. Let b(s) = s**2 - 7*s + 4. Let h be b(t). What are the prime factors of 1 + 1/h*-14?
2
Suppose 0 = -0*w + 2*w - 8. Suppose -10 - w = -k. List the prime factors of k.
2, 7
Suppose -4*m + 29 + 15 = 0. What are the prime factors of (m/4)/(1/4)?
11
Suppose -a = -26 + 6. List the prime factors of a.
2, 5
Suppose 2*x = 4*b - 49 + 7, b = 4*x + 14. Let c be (0/(-5))/((-2)/2). Suppose c*u + b = u. List the prime factors of u.
2, 5
Suppose -4*v - 2*w = -3*w - 12, -v - 2*w = 6. Suppose 3*o - 3*l + 7 = 2*o, v*o = -5*l + 19. List the prime factors of o.
2
Let z(h) = -h - 3. Let p be z(-9). List the prime factors of 70/p*(-1 + 4).
5, 7
Let i = 4 + -1. Suppose i*l = 3 + 18. What are the prime factors of l?
7
Let p(j) = j**2 - 5*j - 9. Suppose 6*x - 3*x = 24. List the prime factors of p(x).
3, 5
Let x(k) = 9*k. Let n be x(-1). Let p = n + 26. What are the prime factors of p?
17
Let a(y) = -y**2 + 10*y - 9. Let g be a(6). Let z = g + 1. What are the prime factors of z?
2
Suppose -5*f + 22 = -103. Suppose h - 5*c = -4, c - 22 = -4*h + f. What are the prime factors of h?
11
Let h = 78 + -64. List the prime factors of h.
2, 7
Suppose -m - 4*m + 15 = 0. Suppose 0 = y - m. Suppose -3*a + 5 = -b + 2*b, 3*a = -y*b + 33. What are the prime factors of b?
2, 7
Suppose -u = -4*w + 7, -5*w - 9 = -5*u + 1. Let y be (0/2)/(7 - u). Suppose -9 = -4*a - 3*q, y = -6*a + 2*a - 5*q + 7. What are the prime factors of a?
3
Suppose 0*c - c + 2*o + 135 = 0, 5*o = -c + 135. List the prime factors of c.
3, 5
Let y be 2*((-2)/(-4) + 2). Let w(o) = o**2 - 3*o + 2. Let z be w(y). List the prime factors of z + -1 - 3/3.
2, 5
Let u = 224 - 156. Suppose -j + 2*j = -2, 0 = 5*a + j - u. Suppose 3*k - k = a. What are the prime factors of k?
7
Let d(o) = -4*o**3 - 1. Let n be d(-1). Suppose -3 + 18 = n*x. List the prime factors of x.
5
Let x(z) = -z**3 + 14*z**2 + 5*z - 6. List the prime factors of x(13).
2, 3, 19
Let l = 231 - 163. What are the prime factors of l?
2, 17
Suppose 5*b - 9*b = -12. Suppose 0 = -2*y + b*c - 8, y - c - 18 = -5*c. List the prime factors of y.
2
Let h(j) = -4*j. Let f be (-9)/(2 - 1/2). Let w(p) = -5*p. Let z(a) = f*h(a) + 5*w(a). What are the prime factors of z(-4)?
2
Let t be 34/(-5) - 24/(-30). Let s be (-12)/(-3) + (-2)/2. What are the prime factors of (-26)/s*9/t?
13
Let c = 33 - 16. What are the prime factors of c?
17
Let r(v) = -3*v. Suppose 19 = 5*k + 2*j - 4, -3*k + 10 = 5*j. Suppose 5*d + 20 = k. List the prime factors of r(d).
3
Let q(m) = 6*m - 1. Let j be 64/36 + (-2)/(-9). List the prime factors of q(j).
11
Let x = 29 - 20. List the prime factors of x.
3
Let q = -58 - -87. What are the prime factors of q?
29
Let l(g) = -g**2 + 4*g + 7. Let n be l(5). Suppose -n - 25 = -3*d. List the prime factors of d.
3
Let l(x) = -24*x + 2. Let m be l(-2). Suppose 0 = 3*b + 2*b - m. List the prime factors of b.
2, 5
Let k(v) = -v**3 + 12*v**2 + 13*v - 13. Let a(j) = 3*j**3 - 36*j**2 - 38*j + 40. Let d(g) = 2*a(g) + 7*k(g). List the prime factors of d(13).
3, 5
Let b = 7 + -4. Let s be 19 - (b + -3 + 1). Let t = s + -1. What are the prime factors of t?
17
Suppose 6*k - 5*k - 105 = 0. Suppose 2*a + k = 7*a. List the prime factors of a.
3, 7
Suppose -m + 3 = 3*g, 4*m + 3*g + 0 = 12. Suppose m*t = -5*d - 28, 2*d + 10 = -2*t - 6. List the prime factors of 12/t + 8 + 1.
7
Let s(i) = i**3 + 3*i**2 - i - 2. Let b be s(-3). Let f = 24 + -15. Suppose -b = 4*n - f. List the prime factors of n.
2
Let n = -28 + 46. Suppose 2*t = -t + 9, l + 4*t = n. What are the prime factors of l?
2, 3
List the prime factors of (-10 - -17)*(-4)/(-7).
2
Let d(k) = -12*k - 3. Let z(u) = -u**3 + 12*u**2 - 11*u - 3. Let c be z(11). List the prime factors of d(c).
3, 11
Suppose 0 = -3*h + h + 10. Suppose 2*u + h*i = 8, -3*u - 5*i = -4*u + 4. List the prime factors of u.
2
Suppose -4*g = -8 - 104. List the prime factors of g.
2, 7
List the prime factors of (624/9 - -2)/(2/3).
107
Suppose 5 = 3*z - 1. Suppose 3*f - 7 = z. List the prime factors of f.
3
List the prime factors of 2/4*4 + 51 + 0.
53
Let h(p) = -p**3 - 3*p**2 + 2*p - 1. Let f be h(-4). Suppose x = f - 1. What are the prime factors of x?
2, 3
Let v = 24 + -14. Let t = 22 - v. Suppose -3*y + 36 = t. List the prime factors of y.
2
Suppose -5*p = 4 - 14. Let x be (-2)/(-3) + p/(-3). Suppose x = -5*i - 5*r + 5, 3*r = 3*i - 2*r - 11. List the prime factors of i.
2
Suppose -3*i - 245 = -u - 45, -3*i + 624 = 3*u. List the prime factors of u.
2, 103
Suppose -3*j = -2*j - 3. Let m(a) = a**2 + 4. What are the prime factors of m(j)?
13
Let h(f) = -f**2 - 2*f. Let d be h(-2). Suppose d = -2*v - v + 30. What are the prime factors of v?
2, 5
Let h = -5 + 10. Suppose t - 9 = -r, -h*t + 0*t - 4*r = -40. List the prime factors of t.
2
Let q(l) = l**2 - 6*l + 4. Let x = -14 - -20. What are the prime factors of q(x)?
2
Suppose 0 = 4*q + o + 4*o - 17, 5*q + 4*o - 19 = 0. Let k = -9 + q. What are the prime factors of 27/(-2)*4/k?
3
Suppose -5*s + 2*v + 392 = -v, 132 = 2*s + 5*v. What are the prime factors of s?
2, 19
Let p = 7 - 4. Suppose q = -p*q + 20. Suppose -q*m + 4*m + 15 = 0. What are the prime factors of m?
3, 5
Suppose -h + n = -4*n + 20, -h - 5*n = -30. Suppose h*m - 24 = 2*m. Suppose 0 = -3*k + 35 - m. What are the prime factors of k?
3
Let n(t) = -1 + 0*t - 1 - 2*t - 1. Let w be n(-3). Suppose w*a + a = 16. List the prime factors of a.
2
Let m(y) = -y**3 - 3*y**2 + 3*y - 3. What are the prime factors of m(-6)?
3, 29
Let g be 3 - (-4)/(4/(-7)). Suppose -5*b = -27 + 597. List the prime factors of b/(-15) + g/(-10).
2
Suppose 5*q + 3*m + 114 = 0, -3*q = -0*m + m + 66. Let a = q - -30. List the prime factors of 1 + 1 - -1*a.
11
Let s(t) = -244*t**3 + 2*t**2 + t. Let u be s(-1). Suppose 5*h - 3*a - u = 2*a, -4*h + a + 202 = 0. List the prime factors of h.
3, 17
Let u be 2/(-2 + 48/25). Let y = 39 + u. What are the prime factors of y?
2, 7
Suppose -h - 5 = a, h + 6 = 3*a + 1. Suppose v - 4 = -a*v. Suppose -v*t + 75 = 27. What are the prime factors of t?
2, 3
Let u = -29 + 49. Suppose 0 = 2*b - 6*b + 4*z + u, 4*z = 2*b - 8. List the prime factors of b.
2, 3
Let f = 33 - -10. What are the prime factors of f?
43
Let a(k) = 8*k + 0*k**3 - k**3 - 4*k**2 + 0 + 8. Let r be a(-6). Suppose 5*v = 18 + r. List the prime factors of v.
2, 5
Let u = 2 - 7. Let b be 2/4*-2*u. Suppose 0 = 2*z - 4*z + p + 19, b*z - 3*p - 50 = 0. List the prime factors of z.
7
Let s = 56 - 34. What are the prime factors of s?
2, 11
Let w(g) = -10*g - 1. Suppose 5*d - 2*d = -6. List the prime factors of w(d).
19
What are the prime factors of 740/9 + 4/(-18)?
2, 41
Let q(k) = -36*k - 11. What are the prime factors of q(-3)?
97
Let q(l) = -l**3 - 3*l**2 + 3*l - 1. Let z be q(-4). Let x(v) = 9*v**2 - 2*v + 1. Let r be x(1). Suppose -z*b + r = -2*b. What are the prime factors of b?
2
Suppose -5*g = 47 + 153. Let x = -20 - g. List the prime factors of x.
2, 5
Let j(v) = 2*v - v + 1 + 0. List the prime factors of j(6).
7
Let d(u) = 16*u - 7. Let v be d(3). Suppose -2*x = -v - 69. List the prime factors of x.
5, 11
Let u be 0 - (0 - 3/(-3)). Let g be u*2 + 2 + 2. What are the prime factors of (g - 0)*27/6?
3
Let u(p) = -2*p - 8. Let k = 0 + -4. Let i(s) = 1. Let z(h) = k*i(h) + u(h). List the prime factors of z(-8).
2
Suppose 0*c = 2*c. Suppose 8 = 2*j - 28. Let i = j + c. What are the prime factors of i?
2, 3
Suppose 0 = 5*j + 2*m - 8, 0 = 3*j - m + 4*m - 3. Let t be (0 + j)/(-1 + -1). List the prime factors of ((-60)/8)/(t/2).
3, 5
Let q = 160 + -72. What are the prime factors of q?
2, 11
Suppose -t - 2*n + 2 = -12, -t + 16 = 4*n. Suppose -3*f - 5*i + t = 0, 0 = -i - 3*i. Suppose -2*u - 26 = -f*u. List the prime factors of u.
13
Suppose 0 = -2*c + c + 4. Suppose -2*r + 27 = -q, -r = c*q - 9 - 9. List the prime factors of r.
2, 7
Let m(p) = -p - 2. Let c be m(-6). Sup